)?
2, 3, 5
Suppose 2948 = v - 5*v. Let m = v + 1126. What are the prime factors of m?
389
Let s = 6522 + -1332. List the prime factors of s.
2, 3, 5, 173
Let d be 11040/1860 - 2/(-31). Suppose -5*j + 4*g = -82, 5*j - 100 = -g - 4*g. Let s = d + j. What are the prime factors of s?
2, 3
Suppose 0 = 2*v - b + 621, 4*v - b + 1247 = -0*v. Let z = 186 - v. What are the prime factors of z?
499
Suppose 160763 = 32*j - 26*j - w, 0 = -4*j + 2*w + 107174. What are the prime factors of j?
2, 13397
Let y(p) = -2*p**2 - 46*p + 7. Let g(b) = -b**2 + 10*b - 17. Let o be g(10). What are the prime factors of y(o)?
211
Suppose -2064 = h + 3*r, -3*r + 2406 = -2*h - 1677. What are the prime factors of ((-3)/(-1))/(-3) - h/3?
2, 11, 31
Let o(m) = -m**3 + m**2 - 2*m + 4. Suppose 5 = 2*z - 1. Let i be o(z). What are the prime factors of ((-115)/i + -5)*208?
2, 3, 13
List the prime factors of 8331*(3/(-2) - (-35)/14) + -5.
2, 23, 181
Let k(h) = 2*h**2 - 13*h + 1. Let f be k(7). Suppose f*x - 589 - 331 = 0. Suppose 4*j + 481 + x = 4*s, 293 = 2*s - 3*j. What are the prime factors of s?
2, 7, 11
Suppose -1825 - 1011 = -4*b. Suppose -2*w + b = 2*w + 3*q, 5*w - q - 891 = 0. List the prime factors of w.
2, 89
Let r(i) = -7*i + 17. Let a be r(-2). Suppose -26*q + 550 = -a*q. Let t = 213 + q. List the prime factors of t.
103
Let b(n) = 144*n**2 - 2*n + 14. Let p be b(4). Suppose -7*i - 4*i = -p. List the prime factors of i.
2, 3, 5, 7
Let a(d) = 98*d**2 - 1460*d + 20. What are the prime factors of a(-11)?
2, 61, 229
Let p(y) = 46*y - 75. Let g be p(21). Suppose -38*s = -27*s - g. List the prime factors of s.
3
Suppose -4*j + u = -227, 0 = 7*j - 2*j - 4*u - 292. Let c be (-7530)/(-57) + 2 - (-44)/(-418). Let y = c - j. What are the prime factors of y?
2, 3, 13
What are the prime factors of (-303)/505 - 65406/(-10)?
2, 3, 5, 109
Let a(p) = -p**2 + 32. Let i be a(-15). Let z = i + 330. What are the prime factors of z?
137
Let q(b) = b**2 + 5*b - 35. Let u be q(-17). Let r = u + -115. Suppose 4*x - 34 - r = 0. What are the prime factors of x?
2, 11
Suppose -4 = 3*o - 34. Suppose o = -10*y + 30. What are the prime factors of (y + (-11)/4)*-164?
3, 41
List the prime factors of (110755 + -1)/14 - (-5 + 0).
2, 1979
Let a(p) = -p - 17. Let c be a(21). Let z = c + 43. Let f(g) = 7*g**2 - 11. List the prime factors of f(z).
2, 41
Let n = 7147 + -3169. List the prime factors of n.
2, 3, 13, 17
Let l(h) = 275*h**3 - 6*h**2 + 6*h + 4. List the prime factors of l(5).
34259
Let u(s) = 9. Let g(f) = f. Let o(p) = 15*g(p) - u(p). List the prime factors of o(26).
3, 127
Let m(s) = -4*s + 104. Suppose 9*j - 112 = 13*j - 2*x, -2*j = -2*x + 56. What are the prime factors of m(j)?
2, 3
Suppose 305 = -8*o - 495. List the prime factors of (o/(-250))/((-2)/(-1160)).
2, 29
Let x be (46 - 29)/(1/35). List the prime factors of x + -37 - (3 + 0).
3, 5, 37
Suppose 5913*c - 5907*c - 45486 = 0. What are the prime factors of c?
3, 7, 19
Suppose 21*b = 2501 - 212. List the prime factors of (64 + -62)*2*b.
2, 109
Let y(m) be the second derivative of 155*m**3/6 + 47*m**2/2 - 286*m. List the prime factors of y(10).
1597
Suppose z - 100 = -b - 2*b, -4*z = 20. Suppose -4*v - 3*v + b = 0. List the prime factors of (196 + v)*3*(-1)/(-3).
3, 67
Suppose -32*s - 15*s + 3916 = -3*s. Suppose 124 = -p + 4*d, 19 = -4*p + 3*d - 464. Let q = s - p. List the prime factors of q.
11, 19
Suppose 11*d - 324794 - 25838 = -30*d. What are the prime factors of d?
2, 1069
List the prime factors of (-35)/(-7) + -3 + (-23710)/(-10).
3, 7, 113
Suppose -259*a = -111*a - 1422576. List the prime factors of a.
2, 3, 89
Suppose 0 = 9*q + 5192 - 38843. What are the prime factors of q?
3739
Let t(n) = 43 - 1 + 15*n + 18 + 4. What are the prime factors of t(25)?
439
Let x(o) = o**2 - 40*o - 381. Let m be x(48). Let q(i) = 31*i**3 + 3*i**2 + 10*i - 13. List the prime factors of q(m).
881
Suppose 14069 = 8*a + 3*a. Suppose 5*o - a = -3*g, -5*g - 4*o = -g - 1708. List the prime factors of g.
2, 107
Suppose 0 = -155*y + 306253 + 418682. List the prime factors of y.
3, 1559
Let j(m) = 213*m**2 - 11*m + 2. Let i be j(-3). Suppose -9*g + g = -i. List the prime factors of g.
2, 61
Let a(u) = -1642*u**3 + u**2 + 5*u + 5. Let y be a(-1). Let c = -180 + y. What are the prime factors of c?
7, 11, 19
What are the prime factors of (-16*2421/36)/(8/(-326))?
163, 269
Suppose -5*j - 52 = -2*b + 5, -102 = -5*b - j. Let m be (-241)/(-3) + 2/(-6). Let o = m - b. What are the prime factors of o?
59
Let g = -146 - -51. Let h = g + 171. What are the prime factors of h?
2, 19
Let y be (0 + 1)/(6 + 145/(-25)). Suppose 4*t + 5*w + 45 = 0, -4*t + w - 10 = y. List the prime factors of (t - (-102)/18)/((-2)/(-351)).
3, 13
Let o be (16/72)/((-4)/6)*-8043. Suppose 3*l - 1900 = -2*f, 2*l = -2*f + o - 781. List the prime factors of f.
2, 5, 19
Let j(f) be the second derivative of 25*f**4/3 - f**3/3 - 221*f - 2. Let h(r) = r - 2. Let v be h(3). List the prime factors of j(v).
2, 7
Suppose -3*q = -9, 2*r + 5*q = 2 + 23. Suppose r*o - 421 = 159. What are the prime factors of o?
2, 29
Let s(f) = 7*f**3 - 25*f**2 - 2*f + 1. Let z be s(4). Suppose 3*x = 3*o + 75, -3*o - o = -2*x + 110. Let d = o + z. List the prime factors of d.
11
List the prime factors of 19943/444 + -45 + (-182845)/(-12).
3, 1693
Let q be 3 - 7 - -45 - 4. Let n = q - -16. Suppose -n = -2*u + 57. List the prime factors of u.
5, 11
Let m = 539 + -543. List the prime factors of (-1122)/m*108/81.
2, 11, 17
Let v = 18255 + -7666. What are the prime factors of v?
10589
What are the prime factors of 2/6*703296/64?
3, 11, 37
Suppose n = p + 2*p - 1, 0 = -4*p + 4. Suppose n*g + g - 2*r = 99, -5*r = 2*g - 47. What are the prime factors of g?
31
Let r(w) = w**3 + 6*w**2 - 113*w + 12. Let s be r(-14). Suppose 0 = -3*n + v + 3603, s*n - 1201 = 25*n + v. What are the prime factors of n?
1201
Let u be 786/8*((-1862)/57 - -34). Let r be 2/8 - (-10)/(-8). Let t = u + r. List the prime factors of t.
2, 5, 13
Let o(s) = -16*s + 292. Let a be o(18). What are the prime factors of -6587*(-1)/6 + a/24?
2, 3, 61
Suppose -31*o + 259320 = -191420. What are the prime factors of o?
2, 5, 727
Suppose -56*q + 24 = -50*q. Let n = -61 + 63. Suppose -5*r - 380 = -q*s - 0*r, 5*r = n*s - 190. List the prime factors of s.
5, 19
Let g(p) = -90*p - 20. Let u(k) = 181*k + 42. Let f(l) = 13*g(l) + 6*u(l). Let x = -5 + 3. What are the prime factors of f(x)?
2, 5
Let f(n) = -92*n**3 - n**2 - 2*n - 1. Let i be f(-1). What are the prime factors of 52172/i - (-14)/(-161)?
3, 7
Suppose -3*l - 1925 = -4*u, 0 + 15 = -5*l. Suppose -f - 5 = 0, 2*f = -2*c + u + 395. What are the prime factors of c?
2, 13, 17
Let t(c) = -3*c**2 + 26*c - 11. Let f = -129 - -137. What are the prime factors of t(f)?
5
Let k be -2*(3 + -2) - -6. Let y be 3/9 + 634/6. Suppose -y = k*n - 482. List the prime factors of n.
2, 47
Suppose -3*k + 2*o + 6156 = 0, 5*o = k + k - 4104. Let h = k - 811. What are the prime factors of h?
17, 73
Suppose 3*r + m = 2*m + 15, 0 = m - 3. Suppose 240 = -r*h + 2*h. Let u = 75 + h. List the prime factors of u.
3, 5
Let f(l) = -402*l**3 + 2*l**2 + 4*l + 6. Let u be f(-2). Suppose 0 = 22*b - 4*b - u. What are the prime factors of b?
179
Let g be -2 - -3 - (-3 - 491). Suppose c + 4*c + g = 0. What are the prime factors of (c/(-12))/((-3)/(-16))?
2, 11
Let u = -64 + 348. Suppose 3*d = -2*d + 15, 2*a - 2*d - u = 0. Suppose a = -0*y + 5*y. List the prime factors of y.
29
Let x(n) = n**2 + 4*n - 16. Let d be x(-7). Suppose -2*f - 4 = -f, -d*v + f + 44 = 0. Suppose -v*j = -47 - 57. What are the prime factors of j?
13
Suppose 0 = 11*k + 22*k - 27390. List the prime factors of ((-35)/21)/(k/(-414) - -2).
3, 5, 23
Let h = 1192 + -273. Let z = h + -508. What are the prime factors of z?
3, 137
Suppose -11*r + 20250 + 9192 + 22280 = 0. What are the prime factors of r?
2, 2351
Let q = 12156 + 4689. What are the prime factors of q?
3, 5, 1123
Suppose -5*n + 25120 = 3*f, n - 5463 = -4*f - 439. What are the prime factors of n?
2, 157
Let y be 4/(-3) + (-26)/(-12)*2. Suppose -3*m = -d - 35, d + 0*d = -y*m + 25. List the prime factors of m.
2, 5
Let j be (-2)/7 - (-520)/(-91). List the prime factors of ((-3)/j)/((-1)/(-182)).
7, 13
Suppose 13*d - 35*d + 6336 = 0. Suppose 0